+ 3*y**2 + 3 + 54*y**3 - 55*y**3 - 4*y. Suppose -5*b + r = 1 - 12, 4*b - 11 = 3*r. Calculate v(b).
-5
Let p(u) = -u - 1. Let l(s) = 4*s - 6. Let g(q) = -2*l(q) - 20*p(q). What is g(-3)?
-4
Let g = -218 + 216. Let x(h) = -2*h**3 + 2*h**2 + 5*h + 4. What is x(g)?
18
Suppose 0 = -10*s + 8*s - 12. Suppose -13*i = -10*i - 18. Let j(r) = -5*r + 11*r**2 + i + r**2 - 13*r**2. What is j(s)?
0
Suppose 10*n - 6*n + m + 20 = 0, -2*n - 12 = m. Let b(w) = -w**2 - 2*w + 16. What is b(n)?
8
Suppose n + 3*d - 5 = 0, 6*n - 3*d = 3*n - 45. Let k(m) = -3*m**2 + 2*m**2 - 9 - 12770*m + 12759*m. Determine k(n).
1
Let s(f) be the first derivative of -f**3/3 + 6*f**2 - 3*f + 309. Calculate s(11).
8
Suppose -10*v - 12 = -n - 13*v, 2*v = 4*n + 8. Let x(c) = -2*c + 5. Give x(n).
5
Let s(o) = -9 - 40*o - 96*o + 133*o + o**2. Give s(-6).
45
Let z(j) = j**2 + j + 14. Let f be z(0). Suppose 3*u = u + 2, 0 = -5*l + 5*u + 135. Let w be (12/f)/((-4)/l). Let c(k) = -3*k - 7. Give c(w).
11
Let i = 5 - 1. Let w(p) = 3*p**3 + 70*p**2 - 7*p - 1. Let m(f) = 2*f**3 + 41*f**2 - 4*f. Let q(g) = -5*m(g) + 3*w(g). Give q(i).
9
Let a(m) be the third derivative of m**5/60 - m**4/4 - 31*m**2. Calculate a(6).
0
Suppose 6*v - 4*v = 4. Suppose -v*t = 4*g - 6, 4*t = -5*g + 5 + 4. Let u(m) = m - 9*m**2 + 1 - m. What is u(g)?
-8
Let b = 4 + -4. Suppose -s - s + 42 = 0. Let i(a) = 13 - a - 57 + s + 16. What is i(b)?
-7
Let d = -42 + 36. Let g be 8/d*(-7)/(28/6). Let x(u) = u**2 + 3*u - 2. Give x(g).
8
Let g be (-30 + 40 - -6) + 9*-1. Let i(d) be the third derivative of d**6/120 - d**5/10 - d**4/3 + 3*d**3/2 + d**2. Give i(g).
2
Let z(x) = 6 + 2 + 5 - 5 - 3*x. Let s(a) be the first derivative of a - 18. Let v(q) = 2*s(q) - z(q). Determine v(6).
12
Suppose -20 = -4*m + 2*i, m + 2*i - 5 = 6*i. Let u = m + 1. Let k(o) = o**3 - 5*o**2 - 5*o + 5. Give k(u).
11
Let f(j) = -2*j + 34. Let n = 1675 + -1663. Determine f(n).
10
Let n be (-2)/(6*(-4)/(-60)). Let h(t) = -t**2 - 3*t - 1. Give h(n).
-11
Let w = 999 + -998. Let m(b) = -33*b. Calculate m(w).
-33
Let p(n) = 86*n + 15. Let w(v) = -64*v - 16. Let j(z) = 3*p(z) + 4*w(z). Give j(16).
13
Let o(u) be the third derivative of -u**4/24 - u**2. Let g(s) = 3*s**2 - 2*s - 5. Let p be g(0). Determine o(p).
5
Let z be -3*((-1 - -2) + 0). Let u = z - -4. Let b(i) = 8*i. Let g(w) = w. Let l(a) = b(a) - 4*g(a). Calculate l(u).
4
Let m(a) be the third derivative of a**5/60 + a**4/12 - 20*a**3/3 + 221*a**2. Give m(0).
-40
Let c(x) be the second derivative of -5*x**3/6 - x**2 + x. Let d(h) = h**3 - 3*h**2 + 5*h - 2. Let p be d(0). Calculate c(p).
8
Let g(c) = c**3 + 5*c**2 + 7. Let y(m) = 6*m**3 + 23*m**2 + 35. Let n(w) = -11*g(w) + 2*y(w). What is n(9)?
-7
Let d(p) = -p**3 + 2*p**2 + 3. Let g be d(3). Let b(n) = 0*n**2 + n**2 - 6 + 4*n + 1. Calculate b(g).
7
Let f(z) be the third derivative of z**6/180 - z**5/60 + z**4/12 + 7*z**3/6 - z**2. Let g(o) be the first derivative of f(o). Determine g(2).
6
Suppose k = -k - 5*u + 35, 20 = 5*k - u. Let m(i) = -i**3 - i. Let t(s) = -4*s**3 - 4*s**2 - 13*s + 7. Let q(a) = k*m(a) - t(a). Give q(5).
8
Let x(v) = -v**3 + v + 10. Suppose 5*s + 127 = -118. Let r be 14/s - 6/(-21). Give x(r).
10
Let i = 76 + -79. Let n be i/((-24)/(-9) + -3). Let d(t) = t**3 - 8*t**2 - 10*t + 1. What is d(n)?
-8
Let c be 1*(1 + -14)*-1. Suppose -3*m - 2*m - 5*q + 5 = 0, q - c = -5*m. Let s(i) = i**2 - 3*i + 3. Determine s(m).
3
Let t(h) = -h + 6. Let n = -37 - -37. Suppose n = -2*d + d - z + 6, -2*z = 5*d - 30. Determine t(d).
0
Suppose 3*p + 6 = -2*u - 21, 2*u + 2*p = -22. Let v = -10 - -13. Let j(m) = 2*m - 2*m**2 - v*m + 10*m**2 - 2*m**2 + m**3. Give j(u).
6
Let f(c) = -c**3 - c**2 + c + 1. Suppose -50*n - 92 = 8. Calculate f(n).
3
Let c(i) = -i + 10. Let t be (-4 - -4)/(12 - 10). What is c(t)?
10
Let r(b) = -3*b**3 + 17*b**2 + 3*b + 27. Let x be r(6). Let u(h) = -h**2 + 5*h - 5. What is u(x)?
-41
Let c(v) be the second derivative of v**5/20 + 3*v**4/4 - v**3/3 - 11*v**2/2 - 7*v. What is c(-9)?
7
Suppose -3*k + 8*k = 0. Suppose 3*d - 8*d + 10 = k. Suppose 4 = -4*p + 2*i, 3*p - 4*i = -d*p - 8. Let o(m) = -m**3 + m + 4. What is o(p)?
4
Let r(p) = 0 - 2 + 4415*p - 4406*p. Determine r(2).
16
Let o(w) = w**2 - 5*w - 7. Let z be (1 - 2) + 5 + 5 - 2. What is o(z)?
7
Let r = -89 - -94. Let s(m) = 3*m**3 + 6*m**2 + 5*m - 1. Let w(u) = 4*u**3 + 6*u**2 + 6*u - 2. Let g(x) = r*s(x) - 4*w(x). Calculate g(6).
9
Let a(f) = f**2 + 7*f - 6. Suppose 87 = -6*g - 111. Let c be (-753)/g + 12/66. Let p = -30 + c. Determine a(p).
-6
Suppose 8*x = 4*x + 40. Suppose 0 = -27*u + 29*u - x. Let z(g) = -4*g + 4. Determine z(u).
-16
Let v(d) = 12. Let a(p) = p. Let g(y) = a(y) - v(y). Suppose -3 = -5*t - k, 5*t + 2*k - 5 = 1. What is g(t)?
-12
Let a(i) = -16*i. Let k = -84 + 89. Suppose 4*x + 19 = -4*g - g, -g = k*x + 8. Determine a(x).
16
Let z(j) = -j**2 - j - 11. Let v(m) = m**3 - m**2 + m + 3. Let a be v(0). Suppose -2*d - 3*d = -a*d. Determine z(d).
-11
Suppose -2*m - i + 9 = 0, -4*m + 3*m + 9 = -4*i. Let y(z) = m - 223*z + 222*z + 1. Calculate y(8).
-2
Let u(x) = -94*x + 751. Let b be u(8). Let r(i) = -31*i**3 + i**2 - 1. Calculate r(b).
31
Let s(u) = -6*u - 9. Let j(r) = 4*r + 8. Let p(g) = -4*j(g) - 3*s(g). Give p(5).
5
Let s(c) be the second derivative of c**6/360 + 3*c**5/40 + c**4/8 + 7*c**3/3 - 14*c. Let q(t) be the second derivative of s(t). Give q(-8).
-5
Let x(h) = -4*h**2 + 12*h - 2. Let l(m) = -33*m - 129. Let z be l(-4). Determine x(z).
-2
Let o = -162 - -226. Let b(n) = -o + 64 - n. What is b(1)?
-1
Let o(i) = i - 1. Let p(u) = 3*u + 50. Let h be p(-15). Suppose y + 10 = 4*y + 2*t, 0 = -t + h. Calculate o(y).
-1
Let o(g) be the first derivative of -g**4/4 - g**3 - g**2 - 3*g + 22. What is o(-3)?
3
Let a be (14/(-21))/((-1)/15). Let t be (-4)/a*(2 - -3). Let y(p) = 6*p + 6. Let d(c) = 17*c + 17. Let w(g) = -3*d(g) + 8*y(g). Calculate w(t).
3
Suppose -12 = 2*m - 5*x, -m - m = -2*x + 6. Let i(g) = g + 5. Let q be i(-4). Let s(j) = -2*j - q + 11*j**3 - 4*j**3 + j. What is s(m)?
-7
Let p be 8 - ((-18)/5 + 12/20). Suppose 3*n = 5*w - 30, 4*n = 3*w - 18 - p. Let x(m) = m**3 + 5*m**2 - 2*m - 5. What is x(n)?
5
Let p = 49 - 46. Let c(z) = p*z - 9*z + 56 - 54. Determine c(3).
-16
Let o(i) = i**3 - 3*i**2 + i - 1. Let t = -655 - -658. Give o(t).
2
Let s(b) = b**2 + 5*b + 1. Suppose 2*o - 15 = 7*o, -2*o - 31 = 5*r. Let m be s(r). Let j(z) = 3*z**2 + z - 1. Calculate j(m).
3
Let z(d) = -7*d + 4471 + d**2 - 3*d - 4469. Calculate z(10).
2
Let c(o) = 7*o**2 + 12*o + 4. Suppose 2 - 24 = 2*s - 4*r, 4*s + r - 1 = 0. Let j(k) = k**2 - 2*k - 1. Let p(w) = s*c(w) - 5*j(w). Give p(1).
-13
Suppose -2*l + 225 = -7*l. Let m = l + 31. Let v be (-7)/m - (-9)/2. Let r(z) = 2*z - 7. Calculate r(v).
3
Let w(z) = -3*z + 22. Let t be w(2). Let n(p) = -p**2 + 16*p + 22. Determine n(t).
22
Suppose 8 = -3*h - 4*p + 3*p, 3*h - 4*p = 17. Let i(k) = 2*k**2 + 4*k**2 + 5*k**2 - 3*k**2 + k. Give i(h).
7
Let c(d) = -d**3 + d**2 - d. Let h(f) = 5*f**3 + 2*f**2 + 6*f - 1. Let g(x) = 4*c(x) + h(x). Suppose 18*j - 20 = 22*j. Give g(j).
14
Let x(h) = h**2 + h. Let k = 26 + -14. Let y = -9 + k. Suppose y*b = 3*w, 5*b = -0*w + 3*w. Give x(w).
0
Let c = -8 + 10. Suppose c*d - 3*d = -2. Let t(k) = 3*k**3 - k**2 + k. Give t(d).
22
Let k be 2 + -1 - ((-336)/12)/7. Let w(a) = a**3 + 6*a**2 - a. Let j be w(-6). Suppose -k*b + j = -24. Let u(n) = -n**3 + 7*n**2 - 7*n + 2. What is u(b)?
-4
Suppose -3*t - 4*b + 14 = 0, -4*t + 5*b = -t + 4. Let h(o) = 3*o**2 - 4*o + 3. Calculate h(t).
7
Suppose 5*c - 10 = -2*h - h, h - 3*c + 6 = 0. Suppose m + 2 = -h. Let g(r) = -11*r - 2 + 6*r + r + 3*r. Determine g(m).
0
Let w be (5 + -2)*(-16)/12. Let h be w - (-5)/(-5 - -10). Let z(i) be the first derivative of -i**2 - 2*i + 1. Give z(h).
4
Let y = 34 + -59. Let p = 25 + y. Suppose -x + 5*x - 12 = p. Let j(r) = r**2 - 4*r. Calculate j(x).
-3
Let s(d) = -d**2 + 7*d + 23. Suppose -97 = -7*n - 34. Calculate s(n).
5
Let g = 11 + -13. Let q(s) = -4*s**2 - 1. Let i(y) = -y**2 - y + 4. Let c be i(-3). Let h(z) = 3*z**2 + z. Let r(b) = c*q(b) - 3*h(b). Determine r(g).
4
Let y(f) = -2*f**3 + 7*f**2 - 13*f + 23. Let i(n) = n**3 - 3*n**2 + 7*n - 12. Let a(z) = -5*i(z) - 3*y(z). Let t be 15/(-3) + 1935/180 + 1/4. Give a(t).
15
Let n(q) = 